{"id":13,"date":"2014-09-11T00:24:46","date_gmt":"2014-09-11T04:24:46","guid":{"rendered":"https:\/\/projects.cs.dal.ca\/ai2015\/?page_id=13"},"modified":"2015-01-15T08:29:38","modified_gmt":"2015-01-15T13:29:38","slug":"committees","status":"publish","type":"page","link":"https:\/\/ai2015.cs.dal.ca\/?page_id=13","title":{"rendered":"Committees"},"content":{"rendered":"<p>AI 2015 is part of the <a href=\"http:\/\/aigicrv.org\/aigicrv2015\/\">2015 AI\/GI\/CRV Conference<\/a>, a confederation of three leading conferences: Artificial Intelligence 2015, Graphics Interface 2015, and Computer and Robot Vision 2015.<\/p>\n<p><strong>General Chairs<\/strong> (AI\/GI\/CRV 2015)<br \/>\n<b><a href=\"http:\/\/www.smu.ca\/academics\/departments\/lingras.html\" target=\"_blank\">Pawan Lingras<\/a><\/b>, Saint Mary&#8217;s University<br \/>\nEmail: pawan@cs.smu.ca<br \/>\n<b><a href=\"http:\/\/www.dal.ca\/faculty\/computerscience\/faculty-staff\/stan-matwin.html\" target=\"_blank\">Stan Matwin<\/a><\/b>, Dalhousie University<br \/>\nEmail: stan@cs.dal.ca<\/p>\n<p><strong>Local Arrangements Chairs<\/strong> (AI\/GI\/CRV 2015)<br \/>\n<b><a href=\"http:\/\/www.smu.ca\/webfiles\/Dr.SangeevOore.pdf\" target=\"_blank\">Dr. Sageev Oore<\/a><\/b>, Saint Mary&#8217;s University<br \/>\nEmail: sageev.oore@smu.ca<br \/>\n<b>Dr. Jason Rhinelander<\/b>, Saint Mary&#8217;s University<br \/>\nEmail: jason.rhinelander@smu.ca<\/p>\n<p><b>Registration Chair<br \/>\n<\/b><b>Andrew Valencik<\/b>, Saint Mary&#8217;s University<br \/>\nEmail: andrew@cs.smu.ca<\/p>\n<p><strong>Local AI contact person<br \/>\nTBA<\/strong><\/p>\n<p><strong>AI Conference Program Chairs:<br \/>\n<a href=\"https:\/\/web.cs.dal.ca\/~eem\/\">Evangelos Milios<\/a>, <\/strong>Dalhousie University<strong><br \/>\n<\/strong><strong><a href=\"http:\/\/webdocs.cs.ualberta.ca\/~denilson\/\">Denilson Barbosa<\/a><\/strong>, University of Alberta<\/p>\n<p><strong>Graduate Symposium Chairs:<\/strong><br \/>\n<strong><a href=\"http:\/\/plato.acadiau.ca\/courses\/comp\/dsilver\/DLSWebSIte\/Welcome.html\">Danny Silver<\/a><\/strong>, Acadia University<br \/>\n<strong><a href=\"http:\/\/www.eecs.uottawa.ca\/sokolova-marina\">Marina Sokolova<\/a><\/strong>, University of Ottawa<\/p>\n<p><strong>Publicity Chair:<\/strong><br \/>\n<strong><a href=\"http:\/\/www.eecs.uottawa.ca\/sokolova-marina\">Marina Sokolova<\/a><\/strong>, University of Ottawa<\/p>\n<p><strong>AI Web site design:<\/strong><br \/>\n<strong><a href=\"http:\/\/web.cs.dal.ca\/~sajadi\/\">Armin Sajadi<\/a>, <\/strong>Dalhousie University<\/p>\n<p><strong>Program Committee<br \/>\n<\/strong><\/p>\n<table width=\"768\">\n<tbody>\n<tr>\n<td width=\"98\">Esma<\/td>\n<td width=\"170\">Aimeur<\/td>\n<td width=\"420\">University of Montreal<\/td>\n<td width=\"80\">Canada<\/td>\n<\/tr>\n<tr>\n<td width=\"98\">Xiangdong<\/td>\n<td width=\"170\">An<\/td>\n<td width=\"420\">York University<\/td>\n<td width=\"80\">Canada<\/td>\n<\/tr>\n<tr>\n<td width=\"98\">Aijun<\/td>\n<td width=\"170\">An<\/td>\n<td width=\"420\">York University<\/td>\n<td width=\"80\">Canada<\/td>\n<\/tr>\n<tr>\n<td width=\"98\">Sophia<\/td>\n<td width=\"170\">Ananiadou<\/td>\n<td width=\"420\">University of Manchester<\/td>\n<td width=\"80\">UK<\/td>\n<\/tr>\n<tr>\n<td width=\"98\">Periklis<\/td>\n<td width=\"170\">Andritsos<\/td>\n<td width=\"420\">University of Troronto<\/td>\n<td width=\"80\">Canada<\/td>\n<\/tr>\n<tr>\n<td width=\"98\">Ralitsa<\/td>\n<td width=\"170\">Angelova<\/td>\n<td width=\"420\">Google Inc.<\/td>\n<td width=\"80\">Switzerland<\/td>\n<\/tr>\n<tr>\n<td width=\"98\">Dirk<\/td>\n<td width=\"170\">Arnold<\/td>\n<td width=\"420\">Dalhousie University<\/td>\n<td width=\"80\">Canada<\/td>\n<\/tr>\n<tr>\n<td width=\"98\">Fahiem<\/td>\n<td width=\"170\">Bacchus<\/td>\n<td width=\"420\">University of Toronto<\/td>\n<td width=\"80\">Canada<\/td>\n<\/tr>\n<tr>\n<td width=\"98\">Ebrahim<\/td>\n<td width=\"170\">Bagheri<\/td>\n<td width=\"420\">Ryerson University<\/td>\n<td width=\"80\">Canada<\/td>\n<\/tr>\n<tr>\n<td width=\"98\">Sotiris<\/td>\n<td width=\"170\">Batsakis<\/td>\n<td width=\"420\">University of Huddersfield<\/td>\n<td width=\"80\">UK<\/td>\n<\/tr>\n<tr>\n<td width=\"98\">Virendra<\/td>\n<td width=\"170\">Bhavsar<\/td>\n<td width=\"420\">University of New Brunswick<\/td>\n<td width=\"80\">Canada<\/td>\n<\/tr>\n<tr>\n<td width=\"98\">Scott<\/td>\n<td width=\"170\">Buffett<\/td>\n<td width=\"420\">National Research Council Canada, IIT &#8211; e-Business<\/td>\n<td width=\"80\">Canada<\/td>\n<\/tr>\n<tr>\n<td width=\"98\">Cory<\/td>\n<td width=\"170\">Butz<\/td>\n<td width=\"420\">University of Regina<\/td>\n<td width=\"80\">Canada<\/td>\n<\/tr>\n<tr>\n<td width=\"98\">Eric<\/td>\n<td width=\"170\">Charton<\/td>\n<td width=\"420\">\u00c9cole Polytechnique de Montr\u00e9al<\/td>\n<td width=\"80\">Canada<\/td>\n<\/tr>\n<tr>\n<td width=\"98\">Lyne<\/td>\n<td width=\"170\">Da Sylva<\/td>\n<td width=\"420\">Universit\u00e9 de Montr\u00e9al<\/td>\n<td width=\"80\">Canada<\/td>\n<\/tr>\n<tr>\n<td width=\"98\">Gerard<\/td>\n<td width=\"170\">de Melo<\/td>\n<td width=\"420\">Tsinghua University<\/td>\n<td width=\"80\">China<\/td>\n<\/tr>\n<tr>\n<td width=\"98\">Joerg<\/td>\n<td width=\"170\">Denzinger<\/td>\n<td width=\"420\">University of Calgary<\/td>\n<td width=\"80\">Canada<\/td>\n<\/tr>\n<tr>\n<td width=\"98\">Angelo<\/td>\n<td width=\"170\">Di Iorio<\/td>\n<td width=\"420\">University of Bologna<\/td>\n<td width=\"80\">Italy<\/td>\n<\/tr>\n<tr>\n<td width=\"98\">Chrysanne<\/td>\n<td width=\"170\">Dimarco<\/td>\n<td width=\"420\">University of Waterloo<\/td>\n<td width=\"80\">Canada<\/td>\n<\/tr>\n<tr>\n<td width=\"98\">Carlotta<\/td>\n<td width=\"170\">Domeniconi<\/td>\n<td width=\"420\">George Mason University<\/td>\n<td width=\"80\">USA<\/td>\n<\/tr>\n<tr>\n<td width=\"98\">Chris<\/td>\n<td width=\"170\">Drummond<\/td>\n<td width=\"420\">NRC Institute for Information Technology<\/td>\n<td width=\"80\">Canada<\/td>\n<\/tr>\n<tr>\n<td width=\"98\">Jocelyne<\/td>\n<td width=\"170\">Faddoul<\/td>\n<td width=\"420\">Saint Francis Xavier University<\/td>\n<td width=\"80\">Canada<\/td>\n<\/tr>\n<tr>\n<td width=\"98\">Atefeh<\/td>\n<td width=\"170\">Farzindar<\/td>\n<td width=\"420\">NLP Technologies Inc.<\/td>\n<td width=\"80\">Canada<\/td>\n<\/tr>\n<tr>\n<td width=\"98\">Stefano<\/td>\n<td width=\"170\">Ferilli<\/td>\n<td width=\"420\">Universita&#8217; di Bari<\/td>\n<td width=\"80\">Italy<\/td>\n<\/tr>\n<tr>\n<td width=\"98\">Paola<\/td>\n<td width=\"170\">Flocchini<\/td>\n<td width=\"420\">University of Ottawa<\/td>\n<td width=\"80\">Canada<\/td>\n<\/tr>\n<tr>\n<td width=\"98\">Enrico<\/td>\n<td width=\"170\">Francesconi<\/td>\n<td width=\"420\">ITTIG-CNR<\/td>\n<td width=\"80\">Italy<\/td>\n<\/tr>\n<tr>\n<td width=\"98\">Fred<\/td>\n<td width=\"170\">Freitas<\/td>\n<td width=\"420\">Universidade Federal de Pernambuco (UFPE)<\/td>\n<td width=\"80\">Brazil<\/td>\n<\/tr>\n<tr>\n<td width=\"98\">Ricardo Jos\u00e9<\/td>\n<td width=\"170\">Gabrielli Barreto Campello<\/td>\n<td width=\"420\">University of S\u00e3o Paulo<\/td>\n<td width=\"80\">Brazil<\/td>\n<\/tr>\n<tr>\n<td width=\"98\">Yong<\/td>\n<td width=\"170\">Gao<\/td>\n<td width=\"420\">UBC Okanagan<\/td>\n<td width=\"80\">Canada<\/td>\n<\/tr>\n<tr>\n<td width=\"98\">Ali<\/td>\n<td width=\"170\">Ghorbani<\/td>\n<td width=\"420\">University of New Brunswick<\/td>\n<td width=\"80\">Canada<\/td>\n<\/tr>\n<tr>\n<td width=\"98\">Orland<\/td>\n<td width=\"170\">Hoeber<\/td>\n<td width=\"420\">University of Regina<\/td>\n<td width=\"80\">Canada<\/td>\n<\/tr>\n<tr>\n<td width=\"98\">Jimmy<\/td>\n<td width=\"170\">Huang<\/td>\n<td width=\"420\">York University<\/td>\n<td width=\"80\">Canada<\/td>\n<\/tr>\n<tr>\n<td width=\"98\">Frank<\/td>\n<td width=\"170\">Hutter<\/td>\n<td width=\"420\">University of Freiburg<\/td>\n<td width=\"80\">Germany<\/td>\n<\/tr>\n<tr>\n<td width=\"98\">Diana<\/td>\n<td width=\"170\">Inkpen<\/td>\n<td width=\"420\">University of Ottawa<\/td>\n<td width=\"80\">Canada<\/td>\n<\/tr>\n<tr>\n<td width=\"98\">Aminul<\/td>\n<td width=\"170\">Islam<\/td>\n<td width=\"420\">Dalhousie University<\/td>\n<td width=\"80\">Canada<\/td>\n<\/tr>\n<tr>\n<td width=\"98\">Nathalie<\/td>\n<td width=\"170\">Japkowicz<\/td>\n<td width=\"420\">University of Ottawa<\/td>\n<td width=\"80\">Canada<\/td>\n<\/tr>\n<tr>\n<td width=\"98\">Vangelis<\/td>\n<td width=\"170\">Karkaletsis<\/td>\n<td width=\"420\">NCSR &#8220;Demokritos&#8221;<\/td>\n<td width=\"80\">Greece<\/td>\n<\/tr>\n<tr>\n<td width=\"98\">Vlado<\/td>\n<td width=\"170\">Keselj<\/td>\n<td width=\"420\">Dalhousie University<\/td>\n<td width=\"80\">Canada<\/td>\n<\/tr>\n<tr>\n<td width=\"98\">Fazel<\/td>\n<td width=\"170\">Keshtkar<\/td>\n<td width=\"420\">Southeast Missouri State University<\/td>\n<td width=\"80\">USA<\/td>\n<\/tr>\n<tr>\n<td width=\"98\">Svetlana<\/td>\n<td width=\"170\">Kiritchenko<\/td>\n<td width=\"420\">National Research Council<\/td>\n<td width=\"80\">Canada<\/td>\n<\/tr>\n<tr>\n<td width=\"98\">Ziad<\/td>\n<td width=\"170\">Kobti<\/td>\n<td width=\"420\">University of Windsor<\/td>\n<td width=\"80\">Canada<\/td>\n<\/tr>\n<tr>\n<td width=\"98\">Jacob<\/td>\n<td width=\"170\">Kogan<\/td>\n<td width=\"420\">Univ. of Maryland Baltimore County<\/td>\n<td width=\"80\">USA<\/td>\n<\/tr>\n<tr>\n<td width=\"98\">Grzegorz<\/td>\n<td width=\"170\">Kondrak<\/td>\n<td width=\"420\">University of Alberta<\/td>\n<td width=\"80\">Canada<\/td>\n<\/tr>\n<tr>\n<td width=\"98\">Leila<\/td>\n<td width=\"170\">Kosseim<\/td>\n<td width=\"420\">Concordia University<\/td>\n<td width=\"80\">Canada<\/td>\n<\/tr>\n<tr>\n<td width=\"98\">Anastasia<\/td>\n<td width=\"170\">Krithara<\/td>\n<td width=\"420\">NCSR &#8220;Demokritos&#8221;<\/td>\n<td width=\"80\">Greece<\/td>\n<\/tr>\n<tr>\n<td width=\"98\">Philippe<\/td>\n<td width=\"170\">Langlais<\/td>\n<td width=\"420\">Universit\u00e9 de Montr\u00e9al<\/td>\n<td width=\"80\">Canada<\/td>\n<\/tr>\n<tr>\n<td width=\"98\">Guy<\/td>\n<td width=\"170\">Lapalme<\/td>\n<td width=\"420\">RALI-DIRO, Universit\u00e9 de Montr\u00e9al<\/td>\n<td width=\"80\">Canada<\/td>\n<\/tr>\n<tr>\n<td width=\"98\">Marek<\/td>\n<td width=\"170\">Lipczak<\/td>\n<td width=\"420\">Dalhousie University<\/td>\n<td width=\"80\">Canada<\/td>\n<\/tr>\n<tr>\n<td width=\"98\">Simone<\/td>\n<td width=\"170\">Ludwig<\/td>\n<td width=\"420\">North Dakota State University<\/td>\n<td width=\"80\">USA<\/td>\n<\/tr>\n<tr>\n<td width=\"98\">Yannick<\/td>\n<td width=\"170\">Marchand<\/td>\n<td width=\"420\">Dalhousie University<\/td>\n<td width=\"80\">Canada<\/td>\n<\/tr>\n<tr>\n<td width=\"98\">Gordon<\/td>\n<td width=\"170\">McCalla<\/td>\n<td width=\"420\">University of Saskatchewan<\/td>\n<td width=\"80\">Canada<\/td>\n<\/tr>\n<tr>\n<td width=\"98\">Wagner<\/td>\n<td width=\"170\">Meira Jr.<\/td>\n<td width=\"420\">UFMG<\/td>\n<td width=\"80\">Brazil<\/td>\n<\/tr>\n<tr>\n<td width=\"98\">Robert<\/td>\n<td width=\"170\">Mercer<\/td>\n<td width=\"420\">The University of Western Ontario<\/td>\n<td width=\"80\">Canada<\/td>\n<\/tr>\n<tr>\n<td width=\"98\">Marie-Jean<\/td>\n<td width=\"170\">Meurs<\/td>\n<td width=\"420\">Concordia University<\/td>\n<td width=\"80\">Canada<\/td>\n<\/tr>\n<tr>\n<td width=\"98\">Shamima<\/td>\n<td width=\"170\">Mithun<\/td>\n<td width=\"420\">Concordia University<\/td>\n<td width=\"80\">Canada<\/td>\n<\/tr>\n<tr>\n<td width=\"98\">Joseph<\/td>\n<td width=\"170\">Modayil<\/td>\n<td width=\"420\">University of Alberta<\/td>\n<td width=\"80\">Canada<\/td>\n<\/tr>\n<tr>\n<td width=\"98\">Abidalrahman<\/td>\n<td width=\"170\">Moh&#8217;D<\/td>\n<td width=\"420\">Dalhousie University<\/td>\n<td width=\"80\">Canada<\/td>\n<\/tr>\n<tr>\n<td width=\"98\">Malek<\/td>\n<td width=\"170\">Mouhoub<\/td>\n<td width=\"420\">Univ. of Regina<\/td>\n<td width=\"80\">Canada<\/td>\n<\/tr>\n<tr>\n<td width=\"98\">Gabriel<\/td>\n<td width=\"170\">Murray<\/td>\n<td width=\"420\">University of the Fraser Valley<\/td>\n<td width=\"80\">Canada<\/td>\n<\/tr>\n<tr>\n<td width=\"98\">Alexandros<\/td>\n<td width=\"170\">Nanopoulos<\/td>\n<td width=\"420\">University of Hildesheim<\/td>\n<td width=\"80\">Germany<\/td>\n<\/tr>\n<tr>\n<td width=\"98\">Raymond<\/td>\n<td width=\"170\">Ng<\/td>\n<td width=\"420\">University of British Columbia<\/td>\n<td width=\"80\">Canada<\/td>\n<\/tr>\n<tr>\n<td width=\"98\">Jian-Yun<\/td>\n<td width=\"170\">Nie<\/td>\n<td width=\"420\">Universite de Montreal<\/td>\n<td width=\"80\">Canada<\/td>\n<\/tr>\n<tr>\n<td width=\"98\">Roger<\/td>\n<td width=\"170\">Nkambou<\/td>\n<td width=\"420\">Universit\u00e9 du Qu\u00e9bec \u00c0 Montr\u00e9al (UQAM)<\/td>\n<td width=\"80\">Canada<\/td>\n<\/tr>\n<tr>\n<td width=\"98\">Jian<\/td>\n<td width=\"170\">Pei<\/td>\n<td width=\"420\">Simon Fraser University<\/td>\n<td width=\"80\">Canada<\/td>\n<\/tr>\n<tr>\n<td width=\"98\">Fred<\/td>\n<td width=\"170\">Popowich<\/td>\n<td width=\"420\">Simon Fraser University<\/td>\n<td width=\"80\">Canada<\/td>\n<\/tr>\n<tr>\n<td width=\"98\">Doina<\/td>\n<td width=\"170\">Precup<\/td>\n<td width=\"420\">McGill University<\/td>\n<td width=\"80\">Canada<\/td>\n<\/tr>\n<tr>\n<td width=\"98\">Sheela<\/td>\n<td width=\"170\">Ramanna<\/td>\n<td width=\"420\">University of Winnipeg<\/td>\n<td width=\"80\">Canada<\/td>\n<\/tr>\n<tr>\n<td width=\"98\">Frank<\/td>\n<td width=\"170\">Rudzicz<\/td>\n<td width=\"420\">University of Toronto<\/td>\n<td width=\"80\">Canada<\/td>\n<\/tr>\n<tr>\n<td width=\"98\">Samira<\/td>\n<td width=\"170\">Sadaoui<\/td>\n<td width=\"420\">University of Regina<\/td>\n<td width=\"80\">Canada<\/td>\n<\/tr>\n<tr>\n<td width=\"98\">Fatiha<\/td>\n<td width=\"170\">Sadat<\/td>\n<td width=\"420\">UQAM<\/td>\n<td width=\"80\">Canada<\/td>\n<\/tr>\n<tr>\n<td width=\"98\">Eugene<\/td>\n<td width=\"170\">Santos<\/td>\n<td width=\"420\">Dartmouth College<\/td>\n<td width=\"80\">Canada<\/td>\n<\/tr>\n<tr>\n<td width=\"98\">Mohak<\/td>\n<td width=\"170\">Shah<\/td>\n<td width=\"420\">Bosch Research<\/td>\n<td width=\"80\">Germany<\/td>\n<\/tr>\n<tr>\n<td width=\"98\">Weiming<\/td>\n<td width=\"170\">Shen<\/td>\n<td width=\"420\">National Research Council<\/td>\n<td width=\"80\">Canada<\/td>\n<\/tr>\n<tr>\n<td width=\"98\">Daniel L.<\/td>\n<td width=\"170\">Silver<\/td>\n<td width=\"420\">Acadia University<\/td>\n<td width=\"80\">Canada<\/td>\n<\/tr>\n<tr>\n<td width=\"98\">Marina<\/td>\n<td width=\"170\">Sokolova<\/td>\n<td width=\"420\">University of Ottawa and Institute for Big Data Analytics<\/td>\n<td width=\"80\">Canada<\/td>\n<\/tr>\n<tr>\n<td width=\"98\">Axel<\/td>\n<td width=\"170\">Soto<\/td>\n<td width=\"420\">Dalhousie University<\/td>\n<td width=\"80\">Canada<\/td>\n<\/tr>\n<tr>\n<td width=\"98\">Bruce<\/td>\n<td width=\"170\">Spencer<\/td>\n<td width=\"420\">University of New Brunswick<\/td>\n<td width=\"80\">Canada<\/td>\n<\/tr>\n<tr>\n<td width=\"98\">Luis Enrique<\/td>\n<td width=\"170\">Sucar<\/td>\n<td width=\"420\">INAOE<\/td>\n<td width=\"80\">Mexico<\/td>\n<\/tr>\n<tr>\n<td width=\"98\">Csaba<\/td>\n<td width=\"170\">Szepesvari<\/td>\n<td width=\"420\">University of Alberta<\/td>\n<td width=\"80\">Canada<\/td>\n<\/tr>\n<tr>\n<td width=\"98\">Stan<\/td>\n<td width=\"170\">Szpakowicz<\/td>\n<td width=\"420\">University of Ottawa<\/td>\n<td width=\"80\">Canada<\/td>\n<\/tr>\n<tr>\n<td width=\"98\">Andrea<\/td>\n<td width=\"170\">Tagarelli<\/td>\n<td width=\"420\">University of Calabria<\/td>\n<td width=\"80\">Italy<\/td>\n<\/tr>\n<tr>\n<td width=\"98\">Thomas<\/td>\n<td width=\"170\">Tran<\/td>\n<td width=\"420\">University of Ottawa<\/td>\n<td width=\"80\">Canada<\/td>\n<\/tr>\n<tr>\n<td width=\"98\">Peter<\/td>\n<td width=\"170\">van Beek<\/td>\n<td width=\"420\">University of Waterloo<\/td>\n<td width=\"80\">Canada<\/td>\n<\/tr>\n<tr>\n<td width=\"98\">Julita<\/td>\n<td width=\"170\">Vassileva<\/td>\n<td width=\"420\">University of Saskatchewan<\/td>\n<td width=\"80\">Canada<\/td>\n<\/tr>\n<tr>\n<td width=\"98\">Julien<\/td>\n<td width=\"170\">Velcin<\/td>\n<td width=\"420\">Universit\u00e9 de Lyon 2<\/td>\n<td width=\"80\">France<\/td>\n<\/tr>\n<tr>\n<td width=\"98\">Pooja<\/td>\n<td width=\"170\">Viswanathan<\/td>\n<td width=\"420\">University of Toronto<\/td>\n<td>Canada<\/td>\n<\/tr>\n<tr>\n<td width=\"98\">Xin<\/td>\n<td width=\"170\">Wang<\/td>\n<td width=\"420\">University of Calgary<\/td>\n<td width=\"80\">Canada<\/td>\n<\/tr>\n<tr>\n<td width=\"98\">Leo<\/td>\n<td width=\"170\">Wanner<\/td>\n<td width=\"420\">ICREA and University Pompeu Fabra<\/td>\n<td width=\"80\">Spain<\/td>\n<\/tr>\n<tr>\n<td width=\"98\">Jacek<\/td>\n<td width=\"170\">Wolkowicz<\/td>\n<td width=\"420\">Dalhousie University<\/td>\n<td width=\"80\">Canada<\/td>\n<\/tr>\n<tr>\n<td width=\"98\">Dan<\/td>\n<td width=\"170\">Wu<\/td>\n<td width=\"420\">University of Windsor<\/td>\n<td width=\"80\">Canada<\/td>\n<\/tr>\n<tr>\n<td width=\"98\">Yang<\/td>\n<td width=\"170\">Xiang<\/td>\n<td width=\"420\">University of Guelph<\/td>\n<td width=\"80\">Canada<\/td>\n<\/tr>\n<tr>\n<td width=\"98\">Jingtao<\/td>\n<td width=\"170\">Yao<\/td>\n<td width=\"420\">University of Regina<\/td>\n<td width=\"80\">Canada<\/td>\n<\/tr>\n<tr>\n<td width=\"98\">Zhang<\/td>\n<td width=\"170\">Ying<\/td>\n<td width=\"420\">Google Inc.<\/td>\n<td width=\"80\">USA<\/td>\n<\/tr>\n<tr>\n<td width=\"98\">Fei<\/td>\n<td width=\"170\">Yu<\/td>\n<td width=\"420\">Microsoft<\/td>\n<td>USA<\/td>\n<\/tr>\n<tr>\n<td width=\"98\">Osmar<\/td>\n<td width=\"170\">Za\u00efane<\/td>\n<td width=\"420\">University of Alberta<\/td>\n<td width=\"80\">Canada<\/td>\n<\/tr>\n<tr>\n<td width=\"98\">Harry<\/td>\n<td width=\"170\">Zhang<\/td>\n<td width=\"420\">University of New Brunswick<\/td>\n<td width=\"80\">Canada<\/td>\n<\/tr>\n<tr>\n<td width=\"98\">Xinghui<\/td>\n<td width=\"170\">Zhao<\/td>\n<td width=\"420\">Washington State University<\/td>\n<td width=\"80\">USA<\/td>\n<\/tr>\n<tr>\n<td width=\"98\">Xiaodan<\/td>\n<td width=\"170\">Zhu<\/td>\n<td width=\"420\">National Research Council<\/td>\n<td width=\"80\">Canada<\/td>\n<\/tr>\n<tr>\n<td width=\"98\">Nur<\/td>\n<td width=\"170\">Zincir-Heywood<\/td>\n<td width=\"420\">Dalhousie University<\/td>\n<td width=\"80\">Canada<\/td>\n<\/tr>\n<\/tbody>\n<\/table>\n","protected":false},"excerpt":{"rendered":"<p>AI 2015 is part of the 2015 AI\/GI\/CRV Conference, a confederation of three leading conferences: Artificial Intelligence 2015, Graphics Interface 2015, and Computer and Robot Vision 2015. General Chairs (AI\/GI\/CRV 2015) Pawan Lingras, Saint Mary&#8217;s University Email: pawan@cs.smu.ca Stan Matwin, Dalhousie University Email: stan@cs.dal.ca Local Arrangements Chairs (AI\/GI\/CRV 2015) Dr. Sageev Oore, Saint Mary&#8217;s University [&hellip;]<\/p>\n","protected":false},"author":1,"featured_media":0,"parent":0,"menu_order":0,"comment_status":"closed","ping_status":"open","template":"page-templates\/full-width.php","meta":{"footnotes":""},"class_list":["post-13","page","type-page","status-publish","hentry"],"_links":{"self":[{"href":"https:\/\/ai2015.cs.dal.ca\/index.php?rest_route=\/wp\/v2\/pages\/13","targetHints":{"allow":["GET"]}}],"collection":[{"href":"https:\/\/ai2015.cs.dal.ca\/index.php?rest_route=\/wp\/v2\/pages"}],"about":[{"href":"https:\/\/ai2015.cs.dal.ca\/index.php?rest_route=\/wp\/v2\/types\/page"}],"author":[{"embeddable":true,"href":"https:\/\/ai2015.cs.dal.ca\/index.php?rest_route=\/wp\/v2\/users\/1"}],"replies":[{"embeddable":true,"href":"https:\/\/ai2015.cs.dal.ca\/index.php?rest_route=%2Fwp%2Fv2%2Fcomments&post=13"}],"version-history":[{"count":17,"href":"https:\/\/ai2015.cs.dal.ca\/index.php?rest_route=\/wp\/v2\/pages\/13\/revisions"}],"predecessor-version":[{"id":211,"href":"https:\/\/ai2015.cs.dal.ca\/index.php?rest_route=\/wp\/v2\/pages\/13\/revisions\/211"}],"wp:attachment":[{"href":"https:\/\/ai2015.cs.dal.ca\/index.php?rest_route=%2Fwp%2Fv2%2Fmedia&parent=13"}],"curies":[{"name":"wp","href":"https:\/\/api.w.org\/{rel}","templated":true}]}}